Calculate h(1).
305
Let v(q) = 588*q - 7694. What is v(13)?
-50
Let t(z) = 5*z**2 + 559*z - 680. Calculate t(-113).
-2
Let s(d) = -d**2 + 3668*d + 47867. Determine s(-13).
14
Let i(w) = w**2 + 48*w - 301. What is i(6)?
23
Let n(w) = w**2 - w + 53. Calculate n(-12).
209
Let g(f) = f**3 - 31*f**2 + 88*f - 94. Calculate g(28).
18
Let g(d) = -d**3 - 22*d**2 - 156*d - 335. What is g(-9)?
16
Let r(b) = -26*b + 291. What is r(15)?
-99
Let c(s) = -s**3 - s**2 + 86*s + 13. Give c(-10).
53
Let x(i) = -2*i - 9. Calculate x(40).
-89
Let d(t) = 8622*t + 68973. Give d(-8).
-3
Let u(w) = 532*w - 28184. Give u(53).
12
Let i(s) = -s**3 + 26*s**2 + 42*s - 417. Give i(27).
-12
Let d(k) = k + 347. Give d(21).
368
Let t(h) = h**2 + 27*h + 129. Determine t(-7).
-11
Let i(w) = 149*w**2 - 587*w - 12. What is i(4)?
24
Let f(r) = 271*r - 1343. What is f(5)?
12
Let y(z) = -z**3 - 78*z**2 - 349*z - 94. Give y(-73).
-1262
Let o(m) = 7*m**2 + 16*m - 162. Determine o(-7).
69
Let c(j) = -j**2 + 54*j + 713. Determine c(65).
-2
Let m(h) = -h**3 - 9*h**2 + 46*h + 431. Calculate m(-8).
-1
Let o(y) = -111*y + 467. Give o(6).
-199
Let s(p) = -21*p**2 + 315*p + 2. Determine s(15).
2
Let t(d) = -d**3 - 8*d**2 + 55*d - 6. Give t(-11).
-248
Let w(k) = -k**3 - 11*k**2 - 93*k - 590. What is w(-9)?
85
Let m(n) = 3*n**3 - 30*n**2 - 8*n + 45. What is m(10)?
-35
Let x(r) = -r**2 - 2018*r + 8071. Give x(4).
-17
Let u(g) = -g**2 - 193*g - 5282. Give u(-33).
-2
Let y(t) = -1129*t + 10055. Calculate y(9).
-106
Let k(b) = -b + 9. Determine k(-5).
14
Let t(s) = 26*s - 72. What is t(-17)?
-514
Let m(i) = -107*i - 392. What is m(-5)?
143
Let x(a) = -a**3 - 7*a**2 - 15*a - 17. What is x(-7)?
88
Let m(b) = 146*b**2 - 1452*b - 75. Determine m(10).
5
Let j(o) = -391*o + 52393. Calculate j(134).
-1
Let p(i) = -i**3 - 53*i**2 - 14*i - 734. Give p(-53).
8
Let v(b) = -b**3 - 5*b**2 + 6*b - 48. What is v(-7)?
8
Let l(m) = 2*m**2 - 26*m + 38. Calculate l(12).
14
Let c(i) = i**3 + 26*i**2 - 9*i + 419. Give c(-27).
-67
Let m(c) = -c**2 - 3*c - 1. Determine m(3).
-19
Let s(y) = 4*y**2 - 365*y + 1813. Calculate s(86).
7
Let j(x) = 2*x**2 - 145*x - 496. Determine j(75).
-121
Let y(k) = 2*k**2 - 70*k + 522. What is y(24)?
-6
Let f(j) = -20*j**3 - 2*j**2 - 2*j - 3. Calculate f(-2).
153
Let m(t) = -2*t**2 - 241*t + 1170. Determine m(5).
-85
Let w(m) = -4*m**2 + 33*m - 208. Calculate w(14).
-530
Let d(f) = -2425*f + 50925. Determine d(21).
0
Let x(a) = -77*a - 5351. What is x(-69)?
-38
Let j(t) = -3*t**3 - t**2 + t + 2. Give j(-1).
3
Let m(f) = 6*f**2 - 13*f + 51. Give m(10).
521
Let u(w) = 2*w**2 - 78*w + 6. Give u(0).
6
Let w(l) = -l**2 + 126*l - 2766. What is w(98)?
-22
Let d(u) = -u**3 - 7*u**2 + u - 16. What is d(-7)?
-23
Let g(w) = -w**2 + 19*w + 300. Determine g(29).
10
Let l(p) = -3*p**3 + p**2 - 5*p - 11. Give l(2).
-41
Let z(j) = -2*j**3 - 88*j**2 - 40*j + 1987. What is z(-43)?
9
Let q(v) = -2*v**2 + 446*v - 18481. Calculate q(55).
-1
Let b(y) = 253*y - 11072. Determine b(44).
60
Let w(m) = -3*m + 156. What is w(29)?
69
Let p(c) = 55*c - 230. Give p(5).
45
Let m(p) = 209*p + 828. Determine m(-4).
-8
Let d(i) = 347*i - 5189. Calculate d(15).
16
Let d(n) = 420*n**2 - 7148*n + 127. Give d(17).
-9
Let l(t) = -1735*t - 6934. What is l(-4)?
6
Let c(b) = 55*b - 70. What is c(-6)?
-400
Let a(z) = 252*z + 3515. What is a(-14)?
-13
Let j(v) = -v**2 + 74*v - 282. Give j(4).
-2
Let w(t) = t**2 - 28*t - 864. Give w(-19).
29
Let k(t) = 61*t**2 + 695*t + 256. Give k(-11).
-8
Let b(p) = 79*p**3 + 3*p**2 - 4*p + 2. Calculate b(1).
80
Let q(k) = 102*k + 66. Give q(-2).
-138
Let t(x) = -366*x + 5823. Determine t(16).
-33
Let x(v) = -v**2 + 783*v + 3939. Calculate x(-5).
-1
Let j(y) = y**3 - 8*y**2 + 143*y - 911. Calculate j(7).
41
Let c(p) = 892*p - 1799. Determine c(2).
-15
Let g(n) = -n**3 + 39*n**2 + 60*n - 377. Calculate g(40).
423
Let p(v) = -41*v**2 - 860*v + 14. Give p(-21).
-7
Let b(p) = 3*p**2 + 44*p - 287. Determine b(9).
352
Let j(b) = 220*b + 5274. What is j(-24)?
-6
Let k(p) = -2*p**2 + 43*p + 84. Give k(-2).
-10
Let z(j) = -j**3 - 40*j**2 + 114*j - 69. Give z(2).
-9
Let k(q) = -101*q + 308. Calculate k(6).
-298
Let i(p) = 3*p**2 + 224*p + 3729. Determine i(-48).
-111
Let q(d) = 3*d**2 + 139*d - 171. What is q(-51)?
543
Let d(v) = 3454*v + 86354. Determine d(-25).
4
Let r(p) = -2275*p + 34123. What is r(15)?
-2
Let j(c) = 28*c - 397. Calculate j(15).
23
Let g(b) = 3*b**3 - 5*b**2 + 11*b + 17. Determine g(-2).
-49
Let z(w) = -w**2 - 34*w - 75. Calculate z(-11).
178
Let p(q) = 2*q**2 + 5. Calculate p(-11).
247
Let w(a) = 2*a**2 - 18*a - 585. Calculate w(20).
-145
Let l(u) = 3*u**3 + 114*u**2 - 116*u + 60. What is l(-39)?
21
Let p(f) = -f**3 - 11*f**2 + 59*f - 14. Calculate p(-15).
1
Let b(q) = 2*q**3 + 46*q**2 + 60*q + 165. Calculate b(-22).
-187
Let c(s) = 17*s - 107. Give c(8).
29
Let s(l) = -l**3 + 111*l**2 + 3*l - 329. Give s(111).
4
Let d(c) = -c**3 + 87*c**2 + 430*c + 2760. Determine d(92).
0
Let y(l) = 11*l - 42. Calculate y(19).
167
Let a(y) = -144*y + 2161. Calculate a(15).
1
Let d(j) = 2*j**3 + 5*j**2 - 7. What is d(-6)?
-259
Let y(c) = 15*c - 28. What is y(0)?
-28
Let d(b) = b**3 + 10*b**2 + 39*b + 211. Give d(-9).
-59
Let r(b) = -b**3 + 7*b**2 + 30*b - 111. Determine r(5).
89
Let y(w) = 3*w**3 - 49*w**2 + 49*w - 527. Calculate y(16).
1
Let y(u) = -3*u**2 - 16*u - 60. Determine y(-11).
-247
Let o(k) = k**2 - 25*k - 12. What is o(13)?
-168
Let i(z) = -2*z**2 + 158*z + 951. Determine i(84).
111
Let p(b) = 5*b**2 + 144*b + 1133. What is p(-9)?
242
Let x(a) = a**3 + 4*a**2 - 118*a + 5. Determine x(9).
-4
Let y(m) = -1797*m - 23347. What is y(-13)?
14
Let w(k) = k**3 + 8*k**2 + 24*k + 85. Calculate w(-7).
-34
Let h(u) = u**2 + 11*u - 82. Determine h(-15).
-22
Let v(j) = -9*j - 56. Calculate v(-5).
-11
Let v(o) = 269*o - 268. Calculate v(1).
1
Let l(x) = 111*x - 36. Determine l(-4).
-480
Let a(f) = 568*f + 1153. Determine a(-2).
17
Let p(l) = l**2 - 331*l - 9301. What is p(-26)?
-19
Let w(k) = 13*k**3 - k**2 + 5*k + 7. Determine w(-1).
-12
Let q(t) = 2*t**2 - 7*t - 87. Give q(7).
-38
Let d(q) = 4*q**3 + 15*q**2 - 4*q - 100. Determine d(3).
131
Let y(i) = -3*i**3 - 17*i**2 - 2*i - 12. What is y(-5)?
-52
Let p(d) = d**3 + 4*d**2 - 11*d + 16. What is p(-6)?
10
Let h(v) = 26*v**2 - 936*v - 18. Determine h(36).
-18
Let x(c) = 57*c + 916. Determine x(-18).
-110
Let q(b) = b**3 - 89*b**2 - 350*b + 91. Determine q(-4).
3
Let n(l) = l**3 + 7*l**2 - 26*l - 192. What is n(-6)?
0
Let t(g) = 6*g**2 + 9*g - 73. What is t(5)?
122
Let t(p) = p**3 + 27*p**2 - 196*p - 13. Determine t(6).
-1
Let k(n) = 310*n - 15886. What is k(51)?
-76
Let c(y) = 24*y**2 + 5*y + 9. Determine c(-2).
95
Let o(q) = 9*q**2 + 1888*q + 3316. Calculate o(-208).
-12
Let o(v) = -v**2 + 34*v - 167. Give o(33).
-134
Let n(w) = -w**3 + 3*w**2 + 12*w + 23. What is n(-5)?
163
Let o(q) = 13333*q - 80006. Calculate o(6).
-8
Let y(v) = -3*v**3 + 45*v**2 + 5*v - 77. What is y(15)?
-2
Let w(l) = -72*l + 931. Give w(13).
-5
Let u(a) = a**2 - 39*a - 1394. What is u(62)?
32
Let r(j) = -3*j**3 - 31*j**2 + 122*j - 6. Give r(3).
0
Let m(z) = -12*z**3 + 179*z**2 + 17*z - 17. What is m(15)?
13
Let k(b) = 7007*b - 42041. Determine k(6).
1
Let m(s) = -s**2 + 79*s - 102. Determine m(78).
-24
Let b(f) = 3*f**3 - 15*f**2 - 5*f + 30. What is b(5)?
5
Let b(c) = -3*c**2 - c + 4. What is b(2)?
-10
Let w(x) = x**3 - 8*x**2 - 188*x + 92. Calculate w(18).
-52
Let f(w) = 2*w**2 + 380*w + 9598. Determine f(-30).
-2
Let j(s) = -s**3 + 8*s**2 - 11*s + 37. What is j(8)?
-51
Let l(c) = -50*c + 644. Determine l(14).
-56
Let o(w) = -w**3 + 10*w**2 + 38*w - 13. Determine o(-3).
-10
Let d(y) = -14*y**2 - 404*y + 46. Calculate d(-29).
-12
Let t(b) = -7*b**3 - 28*b**2 - 62*b - 64. Calculate t(-2).
4
Let h(m) = -m**3 - 10*m**2 + 129*m + 2. Determine h(-18).
272
Let k(v) = -2*v**3 - v**2 + 298*v + 877. What is k(-3)?
28
Let t(o) = -3*o**3 - 29*o**2 + 9*o - 18. What is t(-10)?
-8
Let m(p) = -71*p + 4. What is m(-2)?
146
Let i(u) = u**2 - 96*u - 595. Give i(101).
-90
Let m(o) = 545*o + 108458. Give m(-199).
3
Let j(b) = -38*b - 38. What is j(-3)?
76
Let y(z) = z**3 - 30*z**2 + 60*z - 63. What is y(28)?
49
Let h(z) = 242*z + 13268. What is h(-55)?
-42
Let l(z) = 5*z**2 - 50*z - 607. Give l(-7).
